{"id":2802,"date":"2024-03-10T22:15:22","date_gmt":"2024-03-10T21:15:22","guid":{"rendered":"https:\/\/tufibra.com.co\/?page_id=2802"},"modified":"2024-03-17T01:15:03","modified_gmt":"2024-03-17T00:15:03","slug":"seguridad-en-internet","status":"publish","type":"page","link":"https:\/\/tufibra.com.co\/index.php\/seguridad-en-internet\/","title":{"rendered":"Seguridad en Internet"},"content":{"rendered":"\t\t<div data-elementor-type=\"wp-page\" data-elementor-id=\"2802\" class=\"elementor elementor-2802\">\n\t\t\t\t<div class=\"elementor-element elementor-element-75d2302 e-flex e-con-boxed e-con e-parent\" data-id=\"75d2302\" data-element_type=\"container\" data-e-type=\"container\" data-settings=\"{&quot;background_background&quot;:&quot;classic&quot;}\">\n\t\t\t\t\t<div class=\"e-con-inner\">\n\t\t\t\t<div class=\"elementor-element elementor-element-853e56f elementor-widget elementor-widget-heading\" data-id=\"853e56f\" data-element_type=\"widget\" data-e-type=\"widget\" data-widget_type=\"heading.default\">\n\t\t\t\t<div class=\"elementor-widget-container\">\n\t\t\t\t\t<h1 class=\"elementor-heading-title elementor-size-default\">Seguridad en Internet<\/h1>\t\t\t\t<\/div>\n\t\t\t\t<\/div>\n\t\t\t\t\t<\/div>\n\t\t\t\t<\/div>\n\t\t<div class=\"elementor-element elementor-element-9c69ac3 e-flex e-con-boxed e-con e-parent\" data-id=\"9c69ac3\" data-element_type=\"container\" data-e-type=\"container\">\n\t\t\t\t\t<div class=\"e-con-inner\">\n\t\t\t\t<div class=\"elementor-element elementor-element-140e480 elementor-widget elementor-widget-text-editor\" data-id=\"140e480\" data-element_type=\"widget\" data-e-type=\"widget\" data-widget_type=\"text-editor.default\">\n\t\t\t\t<div class=\"elementor-widget-container\">\n\t\t\t\t\t\t\t\t\t<h5 style=\"text-align: left;\">La red ofrece diversas oportunidades para la comunicaci\u00f3n, interacci\u00f3n y entretenimiento, como medios multimedia, foros, chat, correo, comunidades y bibliotecas virtuales, accesibles para todo tipo de usuarios. No obstante, es crucial que estos recursos cuenten con mecanismos de protecci\u00f3n para mitigar los riesgos de seguridad presentes, distribuidos y potenciados a trav\u00e9s de los servicios en l\u00ednea.<\/h5><h5 style=\"text-align: left;\">En calidad de proveedor de conectividad, Tufibra se compromete a proporcionar las herramientas y consejos pr\u00e1cticos necesarios para garantizar la adecuada protecci\u00f3n de los dispositivos y servicios asociados a Internet.<\/h5><h5 style=\"text-align: left;\">En este sentido, enfatizamos la importancia de hacer un uso responsable de Internet para evitar o minimizar los riesgos a los que estamos expuestos al interactuar con sus diversos elementos y servicios asociados.<\/h5>\t\t\t\t\t\t\t\t<\/div>\n\t\t\t\t<\/div>\n\t\t<div class=\"elementor-element elementor-element-f11bb6f e-flex e-con-boxed e-con e-child\" data-id=\"f11bb6f\" data-element_type=\"container\" data-e-type=\"container\">\n\t\t\t\t\t<div class=\"e-con-inner\">\n\t\t\t\t<div class=\"elementor-element elementor-element-b20ac17 elementor-widget elementor-widget-spacer\" data-id=\"b20ac17\" data-element_type=\"widget\" data-e-type=\"widget\" data-widget_type=\"spacer.default\">\n\t\t\t\t<div class=\"elementor-widget-container\">\n\t\t\t\t\t\t\t<div class=\"elementor-spacer\">\n\t\t\t<div class=\"elementor-spacer-inner\"><\/div>\n\t\t<\/div>\n\t\t\t\t\t\t<\/div>\n\t\t\t\t<\/div>\n\t\t\t\t\t<\/div>\n\t\t\t\t<\/div>\n\t\t\t\t\t<\/div>\n\t\t\t\t<\/div>\n\t\t<div class=\"elementor-element elementor-element-0c4b002 e-flex e-con-boxed e-con e-parent\" data-id=\"0c4b002\" data-element_type=\"container\" data-e-type=\"container\">\n\t\t\t\t\t<div class=\"e-con-inner\">\n\t\t<div class=\"elementor-element elementor-element-42cf1fc e-con-full e-flex e-con e-child\" data-id=\"42cf1fc\" data-element_type=\"container\" data-e-type=\"container\">\n\t\t\t\t<div class=\"elementor-element elementor-element-d9cc3e5 elementor-widget elementor-widget-heading\" data-id=\"d9cc3e5\" data-element_type=\"widget\" data-e-type=\"widget\" data-widget_type=\"heading.default\">\n\t\t\t\t<div class=\"elementor-widget-container\">\n\t\t\t\t\t<h1 class=\"elementor-heading-title elementor-size-default\">Firewall<\/h1>\t\t\t\t<\/div>\n\t\t\t\t<\/div>\n\t\t\t\t<div class=\"elementor-element elementor-element-bbd261e elementor-widget elementor-widget-text-editor\" data-id=\"bbd261e\" data-element_type=\"widget\" data-e-type=\"widget\" data-widget_type=\"text-editor.default\">\n\t\t\t\t<div class=\"elementor-widget-container\">\n\t\t\t\t\t\t\t\t\t<h6 style=\"text-align: center;\">Dispositivo de seguridad utilizado para filtrar paquetes (entrantes o salientes) de un sistema conectado a una red, ya sea Internet o una Intranet. Los firewalls pueden ser de tipo software o hardware. El filtrado se lleva a cabo mediante reglas que permiten bloquear direcciones (URL), puertos, protocolos, entre otros.<\/h6>\t\t\t\t\t\t\t\t<\/div>\n\t\t\t\t<\/div>\n\t\t\t\t<div class=\"elementor-element elementor-element-c2f0ed3 elementor-widget elementor-widget-image\" data-id=\"c2f0ed3\" data-element_type=\"widget\" data-e-type=\"widget\" data-widget_type=\"image.default\">\n\t\t\t\t<div class=\"elementor-widget-container\">\n\t\t\t\t\t\t\t\t\t\t\t\t\t\t\t\t<a href=\"https:\/\/www.youtube.com\/watch?v=6wdjNdpT6EI\">\n\t\t\t\t\t\t\t<img fetchpriority=\"high\" decoding=\"async\" width=\"300\" height=\"300\" src=\"https:\/\/tufibra.com.co\/wp-content\/uploads\/2024\/03\/firewall-300x300.png\" class=\"attachment-medium size-medium wp-image-2816\" alt=\"\" srcset=\"https:\/\/tufibra.com.co\/wp-content\/uploads\/2024\/03\/firewall-300x300.png 300w, https:\/\/tufibra.com.co\/wp-content\/uploads\/2024\/03\/firewall-1024x1024.png 1024w, https:\/\/tufibra.com.co\/wp-content\/uploads\/2024\/03\/firewall-150x150.png 150w, https:\/\/tufibra.com.co\/wp-content\/uploads\/2024\/03\/firewall-768x768.png 768w, https:\/\/tufibra.com.co\/wp-content\/uploads\/2024\/03\/firewall-355x355.png 355w, https:\/\/tufibra.com.co\/wp-content\/uploads\/2024\/03\/firewall-370x370.png 370w, https:\/\/tufibra.com.co\/wp-content\/uploads\/2024\/03\/firewall-170x170.png 170w, https:\/\/tufibra.com.co\/wp-content\/uploads\/2024\/03\/firewall.png 1080w\" sizes=\"(max-width: 300px) 100vw, 300px\" \/>\t\t\t\t\t\t\t\t<\/a>\n\t\t\t\t\t\t\t\t\t\t\t\t\t\t\t<\/div>\n\t\t\t\t<\/div>\n\t\t\t\t<\/div>\n\t\t<div class=\"elementor-element elementor-element-c4f2b91 e-con-full e-flex e-con e-child\" data-id=\"c4f2b91\" data-element_type=\"container\" data-e-type=\"container\">\n\t\t\t\t<div class=\"elementor-element elementor-element-247e598 elementor-widget elementor-widget-video\" data-id=\"247e598\" data-element_type=\"widget\" data-e-type=\"widget\" data-settings=\"{&quot;youtube_url&quot;:&quot;https:\\\/\\\/www.youtube.com\\\/watch?v=6wdjNdpT6EI&quot;,&quot;video_type&quot;:&quot;youtube&quot;,&quot;controls&quot;:&quot;yes&quot;}\" data-widget_type=\"video.default\">\n\t\t\t\t<div class=\"elementor-widget-container\">\n\t\t\t\t\t\t\t<div class=\"elementor-wrapper elementor-open-inline\">\n\t\t\t<div class=\"elementor-video\"><\/div>\t\t<\/div>\n\t\t\t\t\t\t<\/div>\n\t\t\t\t<\/div>\n\t\t\t\t<\/div>\n\t\t\t\t\t<\/div>\n\t\t\t\t<\/div>\n\t\t<div class=\"elementor-element elementor-element-ee64892 e-flex e-con-boxed e-con e-parent\" data-id=\"ee64892\" data-element_type=\"container\" data-e-type=\"container\">\n\t\t\t\t\t<div class=\"e-con-inner\">\n\t\t<div class=\"elementor-element elementor-element-44da6ee e-flex e-con-boxed e-con e-child\" data-id=\"44da6ee\" data-element_type=\"container\" data-e-type=\"container\">\n\t\t\t\t\t<div class=\"e-con-inner\">\n\t\t\t\t<div class=\"elementor-element elementor-element-06eb226 elementor-widget elementor-widget-spacer\" data-id=\"06eb226\" data-element_type=\"widget\" data-e-type=\"widget\" data-widget_type=\"spacer.default\">\n\t\t\t\t<div class=\"elementor-widget-container\">\n\t\t\t\t\t\t\t<div class=\"elementor-spacer\">\n\t\t\t<div class=\"elementor-spacer-inner\"><\/div>\n\t\t<\/div>\n\t\t\t\t\t\t<\/div>\n\t\t\t\t<\/div>\n\t\t\t\t\t<\/div>\n\t\t\t\t<\/div>\n\t\t<div class=\"elementor-element elementor-element-5738e9f e-con-full e-flex e-con e-child\" data-id=\"5738e9f\" data-element_type=\"container\" data-e-type=\"container\">\n\t\t\t\t<div class=\"elementor-element elementor-element-37a5af1 elementor-widget elementor-widget-heading\" data-id=\"37a5af1\" data-element_type=\"widget\" data-e-type=\"widget\" data-widget_type=\"heading.default\">\n\t\t\t\t<div class=\"elementor-widget-container\">\n\t\t\t\t\t<h1 class=\"elementor-heading-title elementor-size-default\">Antivirus <\/h1>\t\t\t\t<\/div>\n\t\t\t\t<\/div>\n\t\t\t\t<div class=\"elementor-element elementor-element-7d46be3 elementor-widget elementor-widget-text-editor\" data-id=\"7d46be3\" data-element_type=\"widget\" data-e-type=\"widget\" data-widget_type=\"text-editor.default\">\n\t\t\t\t<div class=\"elementor-widget-container\">\n\t\t\t\t\t\t\t\t\t<h6 style=\"text-align: center;\">Software dise\u00f1ado para detectar, controlar y eliminar virus inform\u00e1ticos, as\u00ed como algunos c\u00f3digos maliciosos como Troyanos, Works, Rootkits, Adware, Backdoor, entre otros.<\/h6>\t\t\t\t\t\t\t\t<\/div>\n\t\t\t\t<\/div>\n\t\t\t\t<div class=\"elementor-element elementor-element-e77631e elementor-widget elementor-widget-image\" data-id=\"e77631e\" data-element_type=\"widget\" data-e-type=\"widget\" data-widget_type=\"image.default\">\n\t\t\t\t<div class=\"elementor-widget-container\">\n\t\t\t\t\t\t\t\t\t\t\t\t\t\t\t\t<a href=\"https:\/\/www.youtube.com\/watch?v=6wdjNdpT6EI\">\n\t\t\t\t\t\t\t<img decoding=\"async\" width=\"300\" height=\"300\" src=\"https:\/\/tufibra.com.co\/wp-content\/uploads\/2024\/03\/antivirus-300x300.png\" class=\"attachment-medium size-medium wp-image-2829\" alt=\"\" srcset=\"https:\/\/tufibra.com.co\/wp-content\/uploads\/2024\/03\/antivirus-300x300.png 300w, https:\/\/tufibra.com.co\/wp-content\/uploads\/2024\/03\/antivirus-1024x1024.png 1024w, https:\/\/tufibra.com.co\/wp-content\/uploads\/2024\/03\/antivirus-150x150.png 150w, https:\/\/tufibra.com.co\/wp-content\/uploads\/2024\/03\/antivirus-768x768.png 768w, https:\/\/tufibra.com.co\/wp-content\/uploads\/2024\/03\/antivirus-355x355.png 355w, https:\/\/tufibra.com.co\/wp-content\/uploads\/2024\/03\/antivirus-370x370.png 370w, https:\/\/tufibra.com.co\/wp-content\/uploads\/2024\/03\/antivirus-170x170.png 170w, https:\/\/tufibra.com.co\/wp-content\/uploads\/2024\/03\/antivirus.png 1080w\" sizes=\"(max-width: 300px) 100vw, 300px\" \/>\t\t\t\t\t\t\t\t<\/a>\n\t\t\t\t\t\t\t\t\t\t\t\t\t\t\t<\/div>\n\t\t\t\t<\/div>\n\t\t\t\t<\/div>\n\t\t<div class=\"elementor-element elementor-element-6aa8ea4 e-con-full e-flex e-con e-child\" data-id=\"6aa8ea4\" data-element_type=\"container\" data-e-type=\"container\">\n\t\t\t\t<div class=\"elementor-element elementor-element-e560a75 elementor-widget elementor-widget-video\" data-id=\"e560a75\" data-element_type=\"widget\" data-e-type=\"widget\" data-settings=\"{&quot;youtube_url&quot;:&quot;https:\\\/\\\/www.youtube.com\\\/watch?v=f8FWKR7YUq0&quot;,&quot;video_type&quot;:&quot;youtube&quot;,&quot;controls&quot;:&quot;yes&quot;}\" data-widget_type=\"video.default\">\n\t\t\t\t<div class=\"elementor-widget-container\">\n\t\t\t\t\t\t\t<div class=\"elementor-wrapper elementor-open-inline\">\n\t\t\t<div class=\"elementor-video\"><\/div>\t\t<\/div>\n\t\t\t\t\t\t<\/div>\n\t\t\t\t<\/div>\n\t\t\t\t<\/div>\n\t\t<div class=\"elementor-element elementor-element-4d675b3 e-flex e-con-boxed e-con e-child\" data-id=\"4d675b3\" data-element_type=\"container\" data-e-type=\"container\">\n\t\t\t\t\t<div class=\"e-con-inner\">\n\t\t\t\t<div class=\"elementor-element elementor-element-b390cd3 elementor-widget elementor-widget-spacer\" data-id=\"b390cd3\" data-element_type=\"widget\" data-e-type=\"widget\" data-widget_type=\"spacer.default\">\n\t\t\t\t<div class=\"elementor-widget-container\">\n\t\t\t\t\t\t\t<div class=\"elementor-spacer\">\n\t\t\t<div class=\"elementor-spacer-inner\"><\/div>\n\t\t<\/div>\n\t\t\t\t\t\t<\/div>\n\t\t\t\t<\/div>\n\t\t\t\t\t<\/div>\n\t\t\t\t<\/div>\n\t\t\t\t\t<\/div>\n\t\t\t\t<\/div>\n\t\t<div class=\"elementor-element elementor-element-93ed002 e-flex e-con-boxed e-con e-parent\" data-id=\"93ed002\" data-element_type=\"container\" data-e-type=\"container\">\n\t\t\t\t\t<div class=\"e-con-inner\">\n\t\t<div class=\"elementor-element elementor-element-e36b160 e-flex e-con-boxed e-con e-child\" data-id=\"e36b160\" data-element_type=\"container\" data-e-type=\"container\">\n\t\t\t\t\t<div class=\"e-con-inner\">\n\t\t\t\t<div class=\"elementor-element elementor-element-0d9db2f elementor-widget elementor-widget-spacer\" data-id=\"0d9db2f\" data-element_type=\"widget\" data-e-type=\"widget\" data-widget_type=\"spacer.default\">\n\t\t\t\t<div class=\"elementor-widget-container\">\n\t\t\t\t\t\t\t<div class=\"elementor-spacer\">\n\t\t\t<div class=\"elementor-spacer-inner\"><\/div>\n\t\t<\/div>\n\t\t\t\t\t\t<\/div>\n\t\t\t\t<\/div>\n\t\t\t\t\t<\/div>\n\t\t\t\t<\/div>\n\t\t<div class=\"elementor-element elementor-element-48f8b94 e-con-full e-flex e-con e-child\" data-id=\"48f8b94\" data-element_type=\"container\" data-e-type=\"container\">\n\t\t\t\t<div class=\"elementor-element elementor-element-ba014df elementor-widget elementor-widget-heading\" data-id=\"ba014df\" data-element_type=\"widget\" data-e-type=\"widget\" data-widget_type=\"heading.default\">\n\t\t\t\t<div class=\"elementor-widget-container\">\n\t\t\t\t\t<h1 class=\"elementor-heading-title elementor-size-default\">Anti Spam<\/h1>\t\t\t\t<\/div>\n\t\t\t\t<\/div>\n\t\t\t\t<div class=\"elementor-element elementor-element-da60125 elementor-widget elementor-widget-text-editor\" data-id=\"da60125\" data-element_type=\"widget\" data-e-type=\"widget\" data-widget_type=\"text-editor.default\">\n\t\t\t\t<div class=\"elementor-widget-container\">\n\t\t\t\t\t\t\t\t\t<h6 style=\"text-align: center;\">Herramientas especializadas en detectar, controlar y eliminar correos no deseados, conocidos como spam. Estos programas utilizan algoritmos y tecnolog\u00edas de filtrado avanzadas para identificar patrones caracter\u00edsticos de mensajes no solicitados. Su funci\u00f3n principal es clasificar los correos electr\u00f3nicos, permitiendo una gesti\u00f3n efectiva del contenido no deseado en las bandejas de entrada.<\/h6>\t\t\t\t\t\t\t\t<\/div>\n\t\t\t\t<\/div>\n\t\t\t\t<div class=\"elementor-element elementor-element-07e8bcc elementor-widget elementor-widget-image\" data-id=\"07e8bcc\" data-element_type=\"widget\" data-e-type=\"widget\" data-widget_type=\"image.default\">\n\t\t\t\t<div class=\"elementor-widget-container\">\n\t\t\t\t\t\t\t\t\t\t\t\t\t\t\t\t<a href=\"https:\/\/www.youtube.com\/watch?v=6wdjNdpT6EI\">\n\t\t\t\t\t\t\t<img decoding=\"async\" width=\"300\" height=\"300\" src=\"https:\/\/tufibra.com.co\/wp-content\/uploads\/2024\/03\/antispam-300x300.png\" class=\"attachment-medium size-medium wp-image-2844\" alt=\"\" srcset=\"https:\/\/tufibra.com.co\/wp-content\/uploads\/2024\/03\/antispam-300x300.png 300w, https:\/\/tufibra.com.co\/wp-content\/uploads\/2024\/03\/antispam-1024x1024.png 1024w, https:\/\/tufibra.com.co\/wp-content\/uploads\/2024\/03\/antispam-150x150.png 150w, https:\/\/tufibra.com.co\/wp-content\/uploads\/2024\/03\/antispam-768x768.png 768w, https:\/\/tufibra.com.co\/wp-content\/uploads\/2024\/03\/antispam-355x355.png 355w, https:\/\/tufibra.com.co\/wp-content\/uploads\/2024\/03\/antispam-370x370.png 370w, https:\/\/tufibra.com.co\/wp-content\/uploads\/2024\/03\/antispam-170x170.png 170w, https:\/\/tufibra.com.co\/wp-content\/uploads\/2024\/03\/antispam.png 1080w\" sizes=\"(max-width: 300px) 100vw, 300px\" \/>\t\t\t\t\t\t\t\t<\/a>\n\t\t\t\t\t\t\t\t\t\t\t\t\t\t\t<\/div>\n\t\t\t\t<\/div>\n\t\t\t\t<\/div>\n\t\t<div class=\"elementor-element elementor-element-2044cdf e-con-full e-flex e-con e-child\" data-id=\"2044cdf\" data-element_type=\"container\" data-e-type=\"container\">\n\t\t\t\t<div class=\"elementor-element elementor-element-bb4ddf3 elementor-widget elementor-widget-video\" data-id=\"bb4ddf3\" data-element_type=\"widget\" data-e-type=\"widget\" data-settings=\"{&quot;youtube_url&quot;:&quot;https:\\\/\\\/www.youtube.com\\\/watch?v=VHkoEiixdTc&quot;,&quot;video_type&quot;:&quot;youtube&quot;,&quot;controls&quot;:&quot;yes&quot;}\" data-widget_type=\"video.default\">\n\t\t\t\t<div class=\"elementor-widget-container\">\n\t\t\t\t\t\t\t<div class=\"elementor-wrapper elementor-open-inline\">\n\t\t\t<div class=\"elementor-video\"><\/div>\t\t<\/div>\n\t\t\t\t\t\t<\/div>\n\t\t\t\t<\/div>\n\t\t\t\t<\/div>\n\t\t<div class=\"elementor-element elementor-element-e1d7cef e-flex e-con-boxed e-con e-child\" data-id=\"e1d7cef\" data-element_type=\"container\" data-e-type=\"container\">\n\t\t\t\t\t<div class=\"e-con-inner\">\n\t\t\t\t<div class=\"elementor-element elementor-element-ec8cc76 elementor-widget elementor-widget-spacer\" data-id=\"ec8cc76\" data-element_type=\"widget\" data-e-type=\"widget\" data-widget_type=\"spacer.default\">\n\t\t\t\t<div class=\"elementor-widget-container\">\n\t\t\t\t\t\t\t<div class=\"elementor-spacer\">\n\t\t\t<div class=\"elementor-spacer-inner\"><\/div>\n\t\t<\/div>\n\t\t\t\t\t\t<\/div>\n\t\t\t\t<\/div>\n\t\t\t\t\t<\/div>\n\t\t\t\t<\/div>\n\t\t\t\t\t<\/div>\n\t\t\t\t<\/div>\n\t\t<div class=\"elementor-element elementor-element-1931c61 e-flex e-con-boxed e-con e-parent\" data-id=\"1931c61\" data-element_type=\"container\" data-e-type=\"container\">\n\t\t\t\t\t<div class=\"e-con-inner\">\n\t\t<div class=\"elementor-element elementor-element-3a00a87 e-flex e-con-boxed e-con e-child\" data-id=\"3a00a87\" data-element_type=\"container\" data-e-type=\"container\">\n\t\t\t\t\t<div class=\"e-con-inner\">\n\t\t\t\t<div class=\"elementor-element elementor-element-200d180 elementor-widget elementor-widget-spacer\" data-id=\"200d180\" data-element_type=\"widget\" data-e-type=\"widget\" data-widget_type=\"spacer.default\">\n\t\t\t\t<div class=\"elementor-widget-container\">\n\t\t\t\t\t\t\t<div class=\"elementor-spacer\">\n\t\t\t<div class=\"elementor-spacer-inner\"><\/div>\n\t\t<\/div>\n\t\t\t\t\t\t<\/div>\n\t\t\t\t<\/div>\n\t\t\t\t\t<\/div>\n\t\t\t\t<\/div>\n\t\t<div class=\"elementor-element elementor-element-7f8632c e-con-full e-flex e-con e-child\" data-id=\"7f8632c\" data-element_type=\"container\" data-e-type=\"container\">\n\t\t\t\t<div class=\"elementor-element elementor-element-3ec02ec elementor-widget elementor-widget-heading\" data-id=\"3ec02ec\" data-element_type=\"widget\" data-e-type=\"widget\" data-widget_type=\"heading.default\">\n\t\t\t\t<div class=\"elementor-widget-container\">\n\t\t\t\t\t<h1 class=\"elementor-heading-title elementor-size-default\">Criptograf\u00eda<\/h1>\t\t\t\t<\/div>\n\t\t\t\t<\/div>\n\t\t\t\t<div class=\"elementor-element elementor-element-689bf45 elementor-widget elementor-widget-text-editor\" data-id=\"689bf45\" data-element_type=\"widget\" data-e-type=\"widget\" data-widget_type=\"text-editor.default\">\n\t\t\t\t<div class=\"elementor-widget-container\">\n\t\t\t\t\t\t\t\t\t<h6 style=\"text-align: center;\">La criptograf\u00eda es el arte de cifrar y descifrar informaci\u00f3n mediante el uso de claves secretas. Este proceso asegura que los mensajes o archivos solo sean legibles por las personas a las que est\u00e1n destinados, evitando la interceptaci\u00f3n no autorizada de la informaci\u00f3n.<\/h6>\t\t\t\t\t\t\t\t<\/div>\n\t\t\t\t<\/div>\n\t\t\t\t<div class=\"elementor-element elementor-element-8fe385b elementor-widget elementor-widget-image\" data-id=\"8fe385b\" data-element_type=\"widget\" data-e-type=\"widget\" data-widget_type=\"image.default\">\n\t\t\t\t<div class=\"elementor-widget-container\">\n\t\t\t\t\t\t\t\t\t\t\t\t\t\t\t\t<a href=\"https:\/\/www.youtube.com\/watch?v=6wdjNdpT6EI\">\n\t\t\t\t\t\t\t<img loading=\"lazy\" decoding=\"async\" width=\"300\" height=\"300\" src=\"https:\/\/tufibra.com.co\/wp-content\/uploads\/2024\/03\/Diseno-sin-titulo-300x300.png\" class=\"attachment-medium size-medium wp-image-2849\" alt=\"\" srcset=\"https:\/\/tufibra.com.co\/wp-content\/uploads\/2024\/03\/Diseno-sin-titulo-300x300.png 300w, https:\/\/tufibra.com.co\/wp-content\/uploads\/2024\/03\/Diseno-sin-titulo-1024x1024.png 1024w, https:\/\/tufibra.com.co\/wp-content\/uploads\/2024\/03\/Diseno-sin-titulo-150x150.png 150w, https:\/\/tufibra.com.co\/wp-content\/uploads\/2024\/03\/Diseno-sin-titulo-768x768.png 768w, https:\/\/tufibra.com.co\/wp-content\/uploads\/2024\/03\/Diseno-sin-titulo-355x355.png 355w, https:\/\/tufibra.com.co\/wp-content\/uploads\/2024\/03\/Diseno-sin-titulo-370x370.png 370w, https:\/\/tufibra.com.co\/wp-content\/uploads\/2024\/03\/Diseno-sin-titulo-170x170.png 170w, https:\/\/tufibra.com.co\/wp-content\/uploads\/2024\/03\/Diseno-sin-titulo.png 1080w\" sizes=\"(max-width: 300px) 100vw, 300px\" \/>\t\t\t\t\t\t\t\t<\/a>\n\t\t\t\t\t\t\t\t\t\t\t\t\t\t\t<\/div>\n\t\t\t\t<\/div>\n\t\t\t\t<\/div>\n\t\t<div class=\"elementor-element elementor-element-140951e e-con-full e-flex e-con e-child\" data-id=\"140951e\" data-element_type=\"container\" data-e-type=\"container\">\n\t\t\t\t<div class=\"elementor-element elementor-element-2ada7d6 elementor-widget elementor-widget-video\" data-id=\"2ada7d6\" data-element_type=\"widget\" data-e-type=\"widget\" data-settings=\"{&quot;youtube_url&quot;:&quot;https:\\\/\\\/www.youtube.com\\\/watch?v=RtPm9ub2RlY&quot;,&quot;video_type&quot;:&quot;youtube&quot;,&quot;controls&quot;:&quot;yes&quot;}\" data-widget_type=\"video.default\">\n\t\t\t\t<div class=\"elementor-widget-container\">\n\t\t\t\t\t\t\t<div class=\"elementor-wrapper elementor-open-inline\">\n\t\t\t<div class=\"elementor-video\"><\/div>\t\t<\/div>\n\t\t\t\t\t\t<\/div>\n\t\t\t\t<\/div>\n\t\t\t\t<\/div>\n\t\t<div class=\"elementor-element elementor-element-4195f2f e-flex e-con-boxed e-con e-child\" data-id=\"4195f2f\" data-element_type=\"container\" data-e-type=\"container\">\n\t\t\t\t\t<div class=\"e-con-inner\">\n\t\t\t\t<div class=\"elementor-element elementor-element-d4c76b7 elementor-widget elementor-widget-spacer\" data-id=\"d4c76b7\" data-element_type=\"widget\" data-e-type=\"widget\" data-widget_type=\"spacer.default\">\n\t\t\t\t<div class=\"elementor-widget-container\">\n\t\t\t\t\t\t\t<div class=\"elementor-spacer\">\n\t\t\t<div class=\"elementor-spacer-inner\"><\/div>\n\t\t<\/div>\n\t\t\t\t\t\t<\/div>\n\t\t\t\t<\/div>\n\t\t\t\t\t<\/div>\n\t\t\t\t<\/div>\n\t\t\t\t\t<\/div>\n\t\t\t\t<\/div>\n\t\t\t\t<\/div>\n\t\t","protected":false},"excerpt":{"rendered":"<p>Seguridad en Internet La red ofrece diversas oportunidades para la comunicaci\u00f3n, interacci\u00f3n y entretenimiento, como medios multimedia, foros, chat, correo, comunidades y bibliotecas virtuales, accesibles para todo tipo de usuarios. [&hellip;]<\/p>\n","protected":false},"author":1,"featured_media":0,"parent":0,"menu_order":0,"comment_status":"closed","ping_status":"closed","template":"elementor_header_footer","meta":{"_monsterinsights_skip_tracking":false,"_monsterinsights_sitenote_active":false,"_monsterinsights_sitenote_note":"","_monsterinsights_sitenote_category":0,"breadcrumbs_single_post":"","page_title_panel":"","breadcrumbs_single_page":"","single_page_alignment":"","single_page_margin":"","page_structure_type":"","content_style_source":"","content_style":"","blog_post_streched_ed":"","blog_page_streched_ed":"","has_transparent_header":"","disable_transparent_header":"","vertical_spacing_source":"","content_area_spacing":"","single_post_content_background":"","single_page_content_background":"","single_post_boxed_content_spacing":"","single_page_boxed_content_spacing":"","single_post_content_boxed_radius":"","single_page_content_boxed_radius":"","disable_featured_image":"","disable_post_tags":"","disable_author_box":"","disable_posts_navigation":"","disable_comments":"","disable_related_posts":"","disable_header":"","disable_footer":"","footnotes":""},"class_list":["post-2802","page","type-page","status-publish","hentry","rishi-post","no-post-thumbnail"],"_links":{"self":[{"href":"https:\/\/tufibra.com.co\/index.php\/wp-json\/wp\/v2\/pages\/2802","targetHints":{"allow":["GET"]}}],"collection":[{"href":"https:\/\/tufibra.com.co\/index.php\/wp-json\/wp\/v2\/pages"}],"about":[{"href":"https:\/\/tufibra.com.co\/index.php\/wp-json\/wp\/v2\/types\/page"}],"author":[{"embeddable":true,"href":"https:\/\/tufibra.com.co\/index.php\/wp-json\/wp\/v2\/users\/1"}],"replies":[{"embeddable":true,"href":"https:\/\/tufibra.com.co\/index.php\/wp-json\/wp\/v2\/comments?post=2802"}],"version-history":[{"count":46,"href":"https:\/\/tufibra.com.co\/index.php\/wp-json\/wp\/v2\/pages\/2802\/revisions"}],"predecessor-version":[{"id":3367,"href":"https:\/\/tufibra.com.co\/index.php\/wp-json\/wp\/v2\/pages\/2802\/revisions\/3367"}],"wp:attachment":[{"href":"https:\/\/tufibra.com.co\/index.php\/wp-json\/wp\/v2\/media?parent=2802"}],"curies":[{"name":"wp","href":"https:\/\/api.w.org\/{rel}","templated":true}]}}