{"id":2779,"date":"2024-03-10T21:49:24","date_gmt":"2024-03-10T20:49:24","guid":{"rendered":"https:\/\/tufibra.com.co\/?page_id=2779"},"modified":"2024-03-17T01:14:08","modified_gmt":"2024-03-17T00:14:08","slug":"control-parental","status":"publish","type":"page","link":"https:\/\/tufibra.com.co\/index.php\/control-parental\/","title":{"rendered":"Control parental"},"content":{"rendered":"\t\t<div data-elementor-type=\"wp-page\" data-elementor-id=\"2779\" class=\"elementor elementor-2779\">\n\t\t\t\t<div class=\"elementor-element elementor-element-f67bb69 e-flex e-con-boxed e-con e-parent\" data-id=\"f67bb69\" data-element_type=\"container\" data-e-type=\"container\" data-settings=\"{&quot;background_background&quot;:&quot;classic&quot;}\">\n\t\t\t\t\t<div class=\"e-con-inner\">\n\t\t\t\t<div class=\"elementor-element elementor-element-e44cc4a elementor-widget elementor-widget-heading\" data-id=\"e44cc4a\" data-element_type=\"widget\" data-e-type=\"widget\" data-widget_type=\"heading.default\">\n\t\t\t\t<div class=\"elementor-widget-container\">\n\t\t\t\t\t<h1 class=\"elementor-heading-title elementor-size-default\">Control Parental <\/h1>\t\t\t\t<\/div>\n\t\t\t\t<\/div>\n\t\t\t\t\t<\/div>\n\t\t\t\t<\/div>\n\t\t<div class=\"elementor-element elementor-element-3d5ed36 e-flex e-con-boxed e-con e-parent\" data-id=\"3d5ed36\" data-element_type=\"container\" data-e-type=\"container\">\n\t\t\t\t\t<div class=\"e-con-inner\">\n\t\t<div class=\"elementor-element elementor-element-51166f7 e-con-full e-flex e-con e-child\" data-id=\"51166f7\" data-element_type=\"container\" data-e-type=\"container\">\n\t\t\t\t<div class=\"elementor-element elementor-element-7b1b06c elementor-widget elementor-widget-text-editor\" data-id=\"7b1b06c\" data-element_type=\"widget\" data-e-type=\"widget\" data-widget_type=\"text-editor.default\">\n\t\t\t\t<div class=\"elementor-widget-container\">\n\t\t\t\t\t\t\t\t\t<h6>Tufibra te recomienda explorar diversas herramientas para implementar un control parental efectivo y asegurar la protecci\u00f3n de tu familia frente a posibles riesgos en la red. Los videos que compartimos a continuaci\u00f3n buscan brindarte sugerencias sobre distintos m\u00e9todos, su configuraci\u00f3n, y las posibles consecuencias como virus, malware, gusanos, spyware y troyanos. Es crucial entender que la responsabilidad de la elecci\u00f3n, configuraci\u00f3n y resultados recae totalmente en el usuario.<\/h6><h6>En Tufibra, nos preocupamos por la seguridad digital de tu familia, y por eso te proporcionamos informaci\u00f3n valiosa para que tomes decisiones informadas sobre c\u00f3mo proteger a tus seres queridos en el vasto mundo online. Recuerda que la seguridad en l\u00ednea es una tarea compartida, y estamos aqu\u00ed para ofrecerte herramientas y conocimientos que te permitan disfrutar de la tecnolog\u00eda de manera segura y confiable.<\/h6>\t\t\t\t\t\t\t\t<\/div>\n\t\t\t\t<\/div>\n\t\t\t\t<\/div>\n\t\t<div class=\"elementor-element elementor-element-6786101 e-con-full e-flex e-con e-child\" data-id=\"6786101\" data-element_type=\"container\" data-e-type=\"container\">\n\t\t\t\t<div class=\"elementor-element elementor-element-d483ccb elementor-widget elementor-widget-video\" data-id=\"d483ccb\" data-element_type=\"widget\" data-e-type=\"widget\" data-settings=\"{&quot;youtube_url&quot;:&quot;https:\\\/\\\/youtu.be\\\/NoJvP06sDr4&quot;,&quot;video_type&quot;:&quot;youtube&quot;,&quot;controls&quot;:&quot;yes&quot;}\" data-widget_type=\"video.default\">\n\t\t\t\t<div class=\"elementor-widget-container\">\n\t\t\t\t\t\t\t<div class=\"elementor-wrapper elementor-open-inline\">\n\t\t\t<div class=\"elementor-video\"><\/div>\t\t<\/div>\n\t\t\t\t\t\t<\/div>\n\t\t\t\t<\/div>\n\t\t\t\t<\/div>\n\t\t<div class=\"elementor-element elementor-element-ae08513 e-flex e-con-boxed e-con e-child\" data-id=\"ae08513\" data-element_type=\"container\" data-e-type=\"container\">\n\t\t\t\t\t<div class=\"e-con-inner\">\n\t\t\t\t<div class=\"elementor-element elementor-element-9297cc7 elementor-widget elementor-widget-video\" data-id=\"9297cc7\" data-element_type=\"widget\" data-e-type=\"widget\" data-settings=\"{&quot;youtube_url&quot;:&quot;https:\\\/\\\/www.youtube.com\\\/watch?v=G8iciqvXnmk&quot;,&quot;video_type&quot;:&quot;youtube&quot;,&quot;controls&quot;:&quot;yes&quot;}\" data-widget_type=\"video.default\">\n\t\t\t\t<div class=\"elementor-widget-container\">\n\t\t\t\t\t\t\t<div class=\"elementor-wrapper elementor-open-inline\">\n\t\t\t<div class=\"elementor-video\"><\/div>\t\t<\/div>\n\t\t\t\t\t\t<\/div>\n\t\t\t\t<\/div>\n\t\t\t\t\t<\/div>\n\t\t\t\t<\/div>\n\t\t\t\t\t<\/div>\n\t\t\t\t<\/div>\n\t\t\t\t<\/div>\n\t\t","protected":false},"excerpt":{"rendered":"<p>Control Parental Tufibra te recomienda explorar diversas herramientas para implementar un control parental efectivo y asegurar la protecci\u00f3n de tu familia frente a posibles riesgos en la red. Los videos [&hellip;]<\/p>\n","protected":false},"author":1,"featured_media":0,"parent":0,"menu_order":0,"comment_status":"closed","ping_status":"closed","template":"elementor_header_footer","meta":{"_monsterinsights_skip_tracking":false,"_monsterinsights_sitenote_active":false,"_monsterinsights_sitenote_note":"","_monsterinsights_sitenote_category":0,"breadcrumbs_single_post":"","page_title_panel":"","breadcrumbs_single_page":"","single_page_alignment":"","single_page_margin":"","page_structure_type":"","content_style_source":"","content_style":"","blog_post_streched_ed":"","blog_page_streched_ed":"","has_transparent_header":"","disable_transparent_header":"","vertical_spacing_source":"","content_area_spacing":"","single_post_content_background":"","single_page_content_background":"","single_post_boxed_content_spacing":"","single_page_boxed_content_spacing":"","single_post_content_boxed_radius":"","single_page_content_boxed_radius":"","disable_featured_image":"","disable_post_tags":"","disable_author_box":"","disable_posts_navigation":"","disable_comments":"","disable_related_posts":"","disable_header":"","disable_footer":"","footnotes":""},"class_list":["post-2779","page","type-page","status-publish","hentry","rishi-post","no-post-thumbnail"],"_links":{"self":[{"href":"https:\/\/tufibra.com.co\/index.php\/wp-json\/wp\/v2\/pages\/2779","targetHints":{"allow":["GET"]}}],"collection":[{"href":"https:\/\/tufibra.com.co\/index.php\/wp-json\/wp\/v2\/pages"}],"about":[{"href":"https:\/\/tufibra.com.co\/index.php\/wp-json\/wp\/v2\/types\/page"}],"author":[{"embeddable":true,"href":"https:\/\/tufibra.com.co\/index.php\/wp-json\/wp\/v2\/users\/1"}],"replies":[{"embeddable":true,"href":"https:\/\/tufibra.com.co\/index.php\/wp-json\/wp\/v2\/comments?post=2779"}],"version-history":[{"count":22,"href":"https:\/\/tufibra.com.co\/index.php\/wp-json\/wp\/v2\/pages\/2779\/revisions"}],"predecessor-version":[{"id":3364,"href":"https:\/\/tufibra.com.co\/index.php\/wp-json\/wp\/v2\/pages\/2779\/revisions\/3364"}],"wp:attachment":[{"href":"https:\/\/tufibra.com.co\/index.php\/wp-json\/wp\/v2\/media?parent=2779"}],"curies":[{"name":"wp","href":"https:\/\/api.w.org\/{rel}","templated":true}]}}